7 = 2*m. Let b = c - z. What is the greatest common factor of b and 31?
31
Let p be (217/2)/(9/18). Suppose -2*r - p = 5*r. Let s = r + 44. What is the highest common divisor of s and 52?
13
Suppose 8*q + 6 = 2*n + 4*q, 3*n = 5*q + 10. Suppose -270 = -3*a + 3*x, n*a + 5*x = 2*x + 490. Let k = -56 + a. What is the highest common divisor of 26 and k?
13
Suppose l = 5*w + 52, -l + 3*w = -51 - 9. Suppose -17*h + 1029 - 485 = 0. What is the highest common divisor of l and h?
8
Suppose 26*d - 223 = 15*d + 41. Calculate the highest common divisor of d and 9296.
8
Let b be 27058/18 + 378/(-1701). Calculate the highest common factor of b and 167.
167
Suppose -30*y + 516 = 13*y. Suppose -4*m = -4, -3*m - 34 - 3 = -2*c. Suppose -10*t = -5*t - c. Calculate the greatest common divisor of t and y.
4
Suppose 2*b - 60 = -2*j, 0 = 5*b - 2*j + j - 174. Let c be b/102 + 2440/6. Calculate the greatest common divisor of c and 37.
37
Suppose 33*t - 146 = 29*t - 2*s, -2*s - 6 = 0. Calculate the highest common factor of t and 95.
19
Suppose 34 + 80 = 3*n. Let x be (-5)/(-6)*(28 - 34). Let s(j) = j**3 + 7*j**2 - j + 2. Let o be s(x). What is the greatest common divisor of o and n?
19
Let u(o) = 5*o**3 + 4*o - 4. Let r be u(1). Suppose 5*p + c - 527 = 0, -5*c = r*p - 258 - 277. What is the highest common factor of p and 273?
21
Suppose 0 = f + 5*u - 82, f - 38 - 32 = u. Calculate the greatest common divisor of 27 and f.
9
Let k be (1 + 1491/(-9))*3. Let o be (-5 - 54/(-12))*k. What is the greatest common divisor of 13 and o?
13
Let q be (1 + (-2)/(-10))/(14/140). Suppose -2*r = -4*p - 50, 2*r = -p - 13 - q. Let b = 19 + p. What is the greatest common factor of 1 and b?
1
Let a = -273 + 275. Let x be ((-1967)/(-49) + a/(-14))*1. What is the greatest common divisor of 5 and x?
5
Suppose 0 = 11*q - 395 - 573. Suppose -4*o = 5*z - 44, 0*z - 4*z + 4*o + 28 = 0. What is the greatest common factor of q and z?
8
Let i = -235 - -454. Let t be (-1)/(-2 - i/(-111)). Let l be 1/(30/24 - 181/148). Calculate the greatest common factor of l and t.
37
Let q = 2 - -1. Suppose -114 = -5*z - 3*n + 171, 0 = 9*z + n - 513. What is the greatest common divisor of q and z?
3
Let t(o) = 10*o**2 + 72*o - 298. Let y be t(4). What is the highest common factor of y and 16575?
75
Let w = -40987 - -41438. Let k be 94/14 + (-4)/(-14). Suppose 4*a + 2*o = k*a - 117, 2*a + 2*o - 88 = 0. What is the greatest common divisor of a and w?
41
Let j = -5540 + 5567. Calculate the greatest common divisor of 2322 and j.
27
Suppose -15*d + 6*d = -738. Suppose -23 - d = -7*s. Let b be s*(-3 - (-295)/25). What is the greatest common divisor of b and 88?
44
Suppose -75*c = -78*c + 9. Suppose 0 = -2*w + c*w + 5*q - 45, 4*w + 3*q = 180. Calculate the greatest common factor of 27 and w.
9
Let z(u) = -42*u - 74. Let g be z(11). Let q = g - -939. Calculate the greatest common factor of q and 26.
13
Let p = 14565 + -14513. Let z = 678 + -210. Calculate the greatest common divisor of p and z.
52
Let g(p) = -3*p**3 - 3*p**2 + 9*p + 71. Let y be g(-8). What is the highest common divisor of 553 and y?
79
Suppose -2*t = -4*y + 11782, 3*y - t - 2*t = 8841. Calculate the highest common divisor of y and 46.
46
Let g be (-7)/((-49)/(-14))*-16. Let b(l) = 1 - 7*l + 3*l + 4 - 3 + 10*l**2. Let f be b(3). What is the highest common divisor of f and g?
16
Let x = -15 + 35. Let q be (135/x - 4) + (-5)/(-20). Calculate the greatest common factor of 15 and q.
3
Let q(v) = v**2. Suppose -2*d - 10 = -7*d. Let a be q(d). Suppose 0 = -5*l - 5*z + z + 29, 0 = a*z + 16. Calculate the highest common factor of 72 and l.
9
Let t = 23557 + -23451. What is the highest common divisor of t and 26?
2
Suppose -6*x - 3*x - 90 = 0. Let i be ((15/3)/x)/(2/(-28)). Let c = 33 - 19. Calculate the greatest common divisor of i and c.
7
Let n(b) = -3*b - 10. Let v = 56 - 53. Let r be n(v). Let k = r + 68. What is the greatest common divisor of k and 7?
7
Let o = -584 - -609. Let f = -12 - -14. Suppose 3*q - 8 = -3*z + 10, f*q + 18 = 4*z. What is the greatest common divisor of z and o?
5
Let c(i) = 3*i**3 - 4*i**2 - 86*i + 185. Let x be c(11). What is the highest common divisor of 12 and x?
12
Suppose 5*h - 5 = 3*t, 5*t + 4*h = -43 + 10. Suppose 39*d + 256 = 490. Let n = t + d. What is the highest common divisor of n and 1?
1
Suppose -q + 1642 + 399 = -621. What is the greatest common factor of 154 and q?
22
Suppose 4*m + 1312 = -m - 3*o, -2*m + 2*o - 512 = 0. Let j = 48 - m. Calculate the greatest common divisor of 28 and j.
28
Suppose 116 = 7*j - 178. Let c = 471 - 177. Calculate the highest common factor of j and c.
42
Let c(a) = a**3 + 5*a**2 - 5*a + 3. Let w be c(-6). Let j be -6*(-3 - (-12)/8)/w. Let r be (j + 194/6)*9. What is the greatest common divisor of 24 and r?
24
Suppose -5*g + 19 = 4, 2*y - g + 5 = 0. Let c(p) = -4*p**3 - 7*p - 8. Let a be c(y). What is the greatest common divisor of 24 and a?
3
Let u be (7 + 324/(-60))*((-2 - -5) + 607). Calculate the greatest common factor of u and 48.
16
Let l(q) = 131*q + 4207. Let s be l(-27). What is the greatest common factor of 8 and s?
2
Suppose 353*q - 390 = 323*q. Calculate the highest common factor of q and 55003.
13
Let m be 6/(-3) - 1 - (-5 + -162). Let r = 180 - m. Calculate the greatest common divisor of r and 104.
8
Let t = 8096 - 6393. Calculate the highest common divisor of 26 and t.
13
Let z be (-189)/(-12) + 1/4. Suppose 17*j + 1102 = 1908 + 1642. Calculate the highest common factor of j and z.
16
Let x(w) = -6*w**3 - 31*w**2 + 97. Let k be x(-9). What is the greatest common divisor of k and 40?
40
Let g be 11 - ((-5)/(-10))/((-3)/(-6)). Suppose 6*c - 122 = 28. What is the greatest common factor of g and c?
5
Let t(v) = 80*v + 72. Let i be t(3). Let k be 25 + (7 - 4) - 4. Calculate the highest common divisor of k and i.
24
Suppose w + 4 = 46. Let y(m) = m**3 - 3*m**2 + 2*m - 2. Let s be y(3). Suppose s*u = u + 63. What is the greatest common factor of w and u?
21
Let v = 23544 - 23314. Let g be (-228)/(-5) - (-4)/10. Calculate the greatest common divisor of v and g.
46
Let s(q) = 5*q + 10. Let y be s(-4). Let c(o) = -5*o - 40. Let n be c(y). Let u be ((-32)/n)/((-32)/(-20) + -2). What is the greatest common factor of 48 and u?
8
Let q = 113 + 13. Let c = 190 - 148. Calculate the highest common factor of q and c.
42
Let d = 1466 + -560. What is the highest common divisor of d and 18?
6
Let p = -3456 + 4391. Calculate the greatest common factor of p and 17.
17
Let w = 26 - 26. Suppose w = 4*i + 2*i - 24. Suppose 128 = 5*n + i*t, -70 = -3*n - 2*t + 6. What is the greatest common divisor of n and 264?
24
Suppose 1652*b = 1664*b - 108. Calculate the highest common divisor of 2367 and b.
9
Let o(a) = 5*a**2 - 12*a - 62. Let b be o(-4). Calculate the greatest common divisor of b and 38.
2
Suppose -4*p = p + 170. Suppose b + 45 = -0*b - 2*y, -2*y = 0. Let k = p - b. Calculate the highest common divisor of 99 and k.
11
Let x(q) = -q + 18. Let y be x(15). Suppose -y*w = -161 - 79. Let h(v) = 14*v + 52. Let f be h(-3). What is the highest common divisor of w and f?
10
Suppose -28*i + i + 15*i + 131760 = 0. What is the highest common divisor of i and 120?
60
Let t = -621 - -711. What is the greatest common divisor of t and 28?
2
Suppose 48*j + 56474 = 82*j. Calculate the greatest common divisor of j and 33.
11
Let c = -49 + -27. Let x = c + 111. Let z(m) = -3*m**2 + 30*m + 131. Let p be z(13). Calculate the highest common divisor of x and p.
7
Let a = -10975 + 11081. What is the greatest common divisor of 26288 and a?
106
Suppose 2*y = 38*p - 33*p + 7, 3*y + p - 53 = 0. Calculate the highest common divisor of 992 and y.
16
Let r = 12608 + -12392. Calculate the highest common factor of r and 792.
72
Suppose -2*y = 3*y - 685. Let c be 47/(5/(90/(-63))*1/(-7)). Suppose -c - y = -7*a. What is the highest common divisor of 11 and a?
11
Let j = 42 - 47. Let y be (-299)/j + 12/60. What is the greatest common factor of y and 150?
30
Suppose 1853 = -3*f - 4*t + 11105, -3*f - 3*t = -9252. What is the greatest common divisor of f and 12?
12
Let o = 6462 - 6385. Calculate the highest common divisor of 133 and o.
7
Let l(f) = -2*f - 2. Let u be l(-1). Suppose -6*j + 13*j - 28 = u. Suppose -g - 58 = -5*q, 0*g + 2*g